 when 256143 is divided by 47.
40
Calculate the remainder when 26926 is divided by 247.
3
What is the remainder when 69010 is divided by 23?
10
What is the remainder when 814 is divided by 196?
30
Calculate the remainder when 4414 is divided by 1443.
85
Calculate the remainder when 2885 is divided by 1174.
537
Calculate the remainder when 35183 is divided by 800.
783
What is the remainder when 1750966 is divided by 2?
0
What is the remainder when 102372 is divided by 25592?
4
What is the remainder when 145889 is divided by 29167?
54
What is the remainder when 126559 is divided by 68?
11
Calculate the remainder when 2080 is divided by 1708.
372
Calculate the remainder when 118328 is divided by 2958.
8
Calculate the remainder when 4936 is divided by 93.
7
Calculate the remainder when 9666 is divided by 144.
18
Calculate the remainder when 124710 is divided by 8.
6
What is the remainder when 1270 is divided by 55?
5
Calculate the remainder when 17883 is divided by 66.
63
Calculate the remainder when 823811 is divided by 316.
315
Calculate the remainder when 13297 is divided by 581.
515
Calculate the remainder when 18647 is divided by 168.
167
Calculate the remainder when 207829 is divided by 73.
71
What is the remainder when 62855 is divided by 6982?
17
What is the remainder when 215 is divided by 63?
26
Calculate the remainder when 1766 is divided by 31.
30
Calculate the remainder when 4496 is divided by 1122.
8
Calculate the remainder when 10892048 is divided by 338.
336
Calculate the remainder when 6211 is divided by 26.
23
Calculate the remainder when 8351 is divided by 691.
59
What is the remainder when 121258 is divided by 30310?
18
Calculate the remainder when 26258 is divided by 130.
128
Calculate the remainder when 9666 is divided by 333.
9
Calculate the remainder when 112474 is divided by 39.
37
What is the remainder when 1776 is divided by 105?
96
Calculate the remainder when 6527 is divided by 66.
59
Calculate the remainder when 366833 is divided by 101.
1
Calculate the remainder when 18431746 is divided by 19.
17
Calculate the remainder when 12365 is divided by 83.
81
Calculate the remainder when 6181 is divided by 102.
61
What is the remainder when 7389 is divided by 610?
69
Calculate the remainder when 1509 is divided by 200.
109
Calculate the remainder when 307033 is divided by 13.
12
What is the remainder when 13414 is divided by 34?
18
Calculate the remainder when 2822 is divided by 302.
104
Calculate the remainder when 4938 is divided by 380.
378
What is the remainder when 17268 is divided by 60?
48
What is the remainder when 1602 is divided by 434?
300
Calculate the remainder when 216270 is divided by 5691.
12
What is the remainder when 2767 is divided by 688?
15
Calculate the remainder when 28652 is divided by 294.
134
What is the remainder when 99179 is divided by 366?
359
Calculate the remainder when 40377 is divided by 149.
147
Calculate the remainder when 1792 is divided by 330.
142
Calculate the remainder when 137936 is divided by 660.
656
Calculate the remainder when 24008 is divided by 29.
25
What is the remainder when 14597 is divided by 30?
17
Calculate the remainder when 788 is divided by 479.
309
Calculate the remainder when 59725 is divided by 22.
17
Calculate the remainder when 377168 is divided by 19.
18
What is the remainder when 960 is divided by 151?
54
Calculate the remainder when 12901 is divided by 405.
346
What is the remainder when 129998 is divided by 16?
14
What is the remainder when 17509363 is divided by 746?
743
Calculate the remainder when 19441 is divided by 194.
41
Calculate the remainder when 25702 is divided by 641.
62
What is the remainder when 1517194 is divided by 115?
114
Calculate the remainder when 22940 is divided by 1146.
20
What is the remainder when 1292706 is divided by 17?
9
What is the remainder when 201233 is divided by 100611?
11
What is the remainder when 837 is divided by 827?
10
What is the remainder when 94992 is divided by 9?
6
What is the remainder when 1964 is divided by 284?
260
What is the remainder when 3540 is divided by 704?
20
What is the remainder when 301487 is divided by 571?
570
What is the remainder when 17366 is divided by 8675?
16
What is the remainder when 3723 is divided by 906?
99
Calculate the remainder when 89547 is divided by 102.
93
Calculate the remainder when 13095 is divided by 35.
5
What is the remainder when 2098 is divided by 636?
190
Calculate the remainder when 39552 is divided by 628.
616
Calculate the remainder when 332 is divided by 57.
47
Calculate the remainder when 2248 is divided by 172.
12
What is the remainder when 13389 is divided by 95?
89
Calculate the remainder when 14627 is divided by 366.
353
Calculate the remainder when 8192 is divided by 2002.
184
Calculate the remainder when 25924 is divided by 355.
9
Calculate the remainder when 43573 is divided by 14518.
19
What is the remainder when 7029 is divided by 185?
184
Calculate the remainder when 214156 is divided by 331.
330
Calculate the remainder when 3123 is divided by 232.
107
What is the remainder when 4347 is divided by 1348?
303
What is the remainder when 32783 is divided by 3642?
5
Calculate the remainder when 38151 is divided by 134.
95
Calculate the remainder when 18480 is divided by 992.
624
What is the remainder when 49882 is divided by 103?
30
Calculate the remainder when 14258 is divided by 6175.
1908
What is the remainder when 167734 is divided by 341?
303
Calculate the remainder when 7517 is divided by 75.
17
What is the remainder when 28773 is divided by 11?
8
What is the remainder when 12048 is divided by 3?
0
Calculate the remainder when 6128 is divided by 38.
10
Calculate the remainder when 4744 is divided by 93.
1
What is the remainder when 4635 is divided by 2129?
377
What is the remainder when 125412 is divided by 61?
57
What is the remainder when 42528 is divided by 114?
6
Calculate the remainder when 95474 is divided by 8678.
16
Calculate the remainder when 9445 is divided by 1161.
157
Calculate the remainder when 5556 is divided by 57.
27
What is the remainder when 64023 is divided by 43?
39
Calculate the remainder when 437950 is divided by 461.
0
What is the remainder when 52645 is divided by 327?
325
What is the remainder when 12906 is divided by 177?
162
Calculate the remainder when 132784 is divided by 231.
190
What is the remainder when 178548 is divided by 9918?
24
What is the remainder when 1627 is divided by 1558?
69
What is the remainder when 63052 is divided by 240?
172
Calculate the remainder when 194840 is divided by 164.
8
What is the remainder when 95497 is divided by 7958?
1
Calculate the remainder when 107007 is divided by 261.
258
What is the remainder when 92470 is divided by 11?
4
Calculate the remainder when 1094467 is divided by 130.
127
Calculate the remainder when 9442 is divided by 4537.
368
Calculate the remainder when 328676 is divided by 34.
32
What is the remainder when 69130 is divided by 921?
55
What is the remainder when 4129 is divided by 46?
35
What is the remainder when 7858 is divided by 189?
109
What is the remainder when 14162 is divided by 27?
14
What is the remainder when 98436 is divided by 92?
88
Calculate the remainder when 4804022 is divided by 721.
720
What is the remainder when 7864 is divided by 7837?
27
Calculate the remainder when 13155 is divided by 22.
21
Calculate the remainder when 139029 is divided by 93.
87
Calculate the remainder when 784 is divided by 44.
36
What is the remainder when 1680 is divided by 366?
216
What is the remainder when 3311 is divided by 656?
31
What is the remainder when 1492223 is divided by 99?
95
Calculate the remainder when 7458 is divided by 132.
66
Calculate the remainder when 1806 is divided by 64.
14
What is the remainder when 136937 is divided by 18?
11
What is the remainder when 5429 is divided by 302?
295
Calculate the remainder when 69482 is divided by 486.
470
Calculate the remainder when 54887 is divided by 265.
32
What is the remainder when 57220 is divided by 1788?
4
What is the remainder when 5247 is divided by 210?
207
Calculate the remainder when 29895 is divided by 7407.
267
What is the remainder when 714 is divided by 94?
56
Calculate the remainder when 2